et o = 18 + 7. List the prime factors of o.
5
Let g = -123 + 229. List the prime factors of g.
2, 53
What are the prime factors of 18*4 - (3 - 0)?
3, 23
Let f be 168/36 - 4/6. Suppose 37 = y + 2*b - 3*b, -2*b + f = 0. List the prime factors of y.
3, 13
Suppose -3*o + 368 = 35. What are the prime factors of o?
3, 37
List the prime factors of (-300)/(-70) + (-4)/14.
2
List the prime factors of -1 - 9*-2 - 3*-1.
2, 5
Let f be ((-4)/(-6))/((-4)/(-12)). Let c be (9/f)/(1/2). What are the prime factors of 2/(-6) + 75/c?
2
Let n = 3 - 3. Suppose n*l - 2*l = 0. What are the prime factors of l - 3*(-10)/3?
2, 5
Suppose -3*m - 120 = -0. What are the prime factors of 48/m*(-280)/6?
2, 7
Let j = 7 + -4. Suppose d - j = -b, 0 = 3*d - 0*b - b - 25. Let o = d + 3. What are the prime factors of o?
2, 5
Let n(a) = -65*a**3 + a**2 - a - 1. List the prime factors of n(-1).
2, 3, 11
Let u(l) be the first derivative of 3*l**2/2 + 4*l - 3. Let o(i) = -4*i - 3. Let h(m) = -2*o(m) - 3*u(m). List the prime factors of h(-8).
2
Let p(d) be the third derivative of d**4/24 - d**3/6 - d**2. Let a be p(-1). What are the prime factors of 3/(a/16*-3)?
2
Let f be (-26 - -1)/(2 + -3). Let s = f + 8. What are the prime factors of s?
3, 11
Let d(f) = f**2 + f + 3. Let i be d(0). Let b(l) = l**3 + l**2 - 4*l. What are the prime factors of b(i)?
2, 3
Suppose 478 = 5*t - 2*j, -2*t + 356 = -4*j + 152. List the prime factors of t.
2, 47
Let w = 90 - 55. What are the prime factors of w?
5, 7
Let p = -8 - -25. Let t = p - 10. What are the prime factors of 51/t + 4/(-14)?
7
Let r be 33/(-2) - (-1)/(-2). Let n = -12 - r. Suppose n*v = v + 12. List the prime factors of v.
3
Suppose 0 = -a + n + 2*n - 13, -18 = 3*a - 2*n. Let v(s) = 12*s + 8. Let l(p) = -4*p - 3. Let g(d) = 7*l(d) + 2*v(d). List the prime factors of g(a).
11
Suppose -s - 3*s = -196. List the prime factors of s.
7
Let n(z) = z**3 + z**2 + 18. Let d be n(0). List the prime factors of ((-56)/21)/((-4)/d).
2, 3
Let k(r) = -44*r - 3. Let n be k(-1). Suppose p = 4*z - 116, 5*z - 91 = -2*p + n. List the prime factors of z.
2, 7
Suppose 8*c + 2*p = 3*c + 219, -3*p - 99 = -2*c. What are the prime factors of c?
3, 5
Let n be (-105)/25 + 2/10. Let s(m) = -2*m - 6. What are the prime factors of s(n)?
2
Let r(c) = -3*c - 3. Let u be r(-4). Let o = -2 + 1. Let w = o + u. What are the prime factors of w?
2
Let y = 3 - -1. Suppose 0*f - y*f = -20. Let s(c) = 3*c - 6. What are the prime factors of s(f)?
3
What are the prime factors of (-1 + 2)/(6/972)?
2, 3
Let g be (-2)/7 - (-741)/21. Suppose 0 = -5*o - 2*i - g, -2*o - 5*i - 20 = -6. Let h = o - -12. List the prime factors of h.
5
Suppose 6*o + 4 = 2*o. Let r be 45/(o/2*-2). Suppose 5*k + r = 5*g - 20, g + 4*k = -12. List the prime factors of g.
2
Let o = -32 - -73. List the prime factors of o.
41
Let w(p) = -p**3 + 11*p**2 - 10*p + 9. Let h be w(10). Suppose 0 = 4*v + 5*f - 59, h = -3*f + 6*f. List the prime factors of v.
11
What are the prime factors of 1/(1 - (-84)/(-87))?
29
Let v(z) = 11*z - 2 - 1 + 2. What are the prime factors of v(2)?
3, 7
Let b(c) = c**2 - 4*c + 1. Suppose 2*m + 2*m + 12 = 0. What are the prime factors of b(m)?
2, 11
Suppose 0 = -0*i + 3*i. Suppose -2*b = -i*b - 4. List the prime factors of (-1 - (0 + b))/(-1).
3
List the prime factors of 70/4 + 3/(-6).
17
Let c(u) = -4*u - 7. Let l(j) = -5*j. Let f be 2/2 + 0 - 0. Let d be l(f). What are the prime factors of c(d)?
13
What are the prime factors of ((-6)/(-4))/(-1) + (-90)/(-12)?
2, 3
Let l(a) = 0*a - a + 2*a + 4. List the prime factors of l(3).
7
Suppose -u + 5*y = -13, -7*u + 37 = -2*u + 3*y. Suppose -k + u = k. What are the prime factors of k?
2
What are the prime factors of (-5 - 362/(-6))*3/2?
83
Let a be 9 + 3 + (-2 - 2). Suppose -a*i = -4*i - 52. List the prime factors of i.
13
Let j(g) = -g**2 + 7*g + 3. Let u be j(7). Suppose 6 + 3 = -u*f. What are the prime factors of 17 + f + 3/(-3)?
13
Suppose 161 = 2*s + 37. What are the prime factors of s?
2, 31
Let m be (-2)/6 + (-42)/(-18). Suppose -v = -4 - m. What are the prime factors of v?
2, 3
Suppose 2417 + 37 = 6*u. List the prime factors of u.
409
Let u(q) = -7*q - 2. Let v(x) = -3*x + 6. Let h be v(4). Let r be u(h). Suppose p - 3*t = -6*t + 2, 4*p + 4*t - r = 0. List the prime factors of p.
2, 7
What are the prime factors of (1 + 1)*(-140)/(-5)?
2, 7
Let m(c) be the second derivative of 7*c**4/12 - c**3/6 + c. Let u(t) = -t + 11. Let b be u(10). List the prime factors of m(b).
2, 3
List the prime factors of 4 + (-119)/(-9) + 4/(-18).
17
Suppose 65 = 6*h - 5*h. List the prime factors of h.
5, 13
Let m = -3 + 5. Suppose b = -m*b + 18. What are the prime factors of b?
2, 3
Let n be -3 - 26/4*-2. Let f(k) = k**3 - 11*k**2 + 9*k + 13. Let y be f(n). Suppose -2*q + y*q = -2*w + 2, q = 3*w + 7. List the prime factors of q.
2
Suppose 0 = -5*p + 4*s + 13, 0 = p - s - 1 - 1. Let m be (-21)/p*(-6 - -1). Suppose -2*c + m = 9. What are the prime factors of c?
2, 3
Let d be (-2)/7 - (-23)/7. Let y = 2 + d. Suppose 5*v = -y*f + 40, -f + 1 = -3*v - 19. List the prime factors of f.
11
Let y = 173 - 117. What are the prime factors of y?
2, 7
Suppose j + 2*j = -54. Let d = j + 31. List the prime factors of d.
13
Suppose -k + 47 = 2. What are the prime factors of k?
3, 5
Suppose -2 = z, 0 = w - 3*w - 5*z + 156. List the prime factors of w.
83
Let j(a) = a**2 - 2*a + 4. Let w be j(3). Let v be (6/5)/((-6)/(-140)). What are the prime factors of w/v + 46/8?
2, 3
Suppose 0*w + 189 = 5*w - a, 3*w + a - 115 = 0. What are the prime factors of w?
2, 19
Let w be (1 - 2)/((-4)/(-8)). Let g be (-4)/8 + (-13)/w. Suppose 0 = -0*m + m - g. List the prime factors of m.
2, 3
Suppose 3*w + 5 = -5*i - 0*w, 0 = 3*i - w - 11. Suppose 0 = -5*r + i*r - 12. Let z = r + 12. What are the prime factors of z?
2
Let k(f) = -5*f**2 + 4*f**2 + 5 + 2*f**2. What are the prime factors of k(-5)?
2, 3, 5
Let z(a) = -4*a - 1. Let j be z(6). Let r = 0 - j. List the prime factors of r.
5
Suppose 2*n - 2 = 2*z, -3*z - 19 = 3*n + 8. Let v = z + 10. List the prime factors of v.
5
List the prime factors of ((-1)/(-2))/((2 + 3)/670).
67
Suppose -934 = 12*b - 4030. List the prime factors of b.
2, 3, 43
Let j be (-1)/(-5) + 896/70. List the prime factors of (3*1)/(13/j).
3
Let i(f) = -20*f - 18. Let l(z) = -7*z - 6. Let x(p) = -6*i(p) + 17*l(p). What are the prime factors of x(5)?
11
Let c(a) = 4*a - 2. Let n be c(4). List the prime factors of ((-16)/6)/(n/(-63)).
2, 3
Suppose -2*o - 7 = x + o, 5*o + 21 = 3*x. What are the prime factors of 22/4 + 1/x?
2, 3
Let c = 192 - 95. What are the prime factors of c?
97
Suppose -82 = -5*i + 68. Suppose 2*u = f - 35, 5*f = -3*u - i + 192. What are the prime factors of f?
3, 11
Let t = -88 + 174. List the prime factors of t.
2, 43
Suppose -5*a = -0*a - 15. Suppose -2*p - a*m = -20, 5*p + 3*m = 24 + 26. List the prime factors of p.
2, 5
Let h be (-3)/((-10)/3 + 3). Suppose -j + 4*g = -17, -4*g + h + 25 = 2*j. List the prime factors of j.
17
Suppose 0*z + 2*z = f - 176, -5*f = 5*z - 805. List the prime factors of f.
2, 83
Let q = 15 + -11. Suppose 0 = -q*s - 5*n - 13, s - 5 = 6*s + 4*n. What are the prime factors of s?
3
Let x(j) = j**2 + 4*j - 3. Let h be x(-5). Suppose 0 = 5*o + m - 6, h*o - 4*o = -4*m + 2. Suppose i = o + 7. What are the prime factors of i?
2
Suppose -18 + 93 = 5*y. Let d = 42 - y. What are the prime factors of d?
3
Suppose -4*f = f. Suppose -85 = -5*r - f*r. What are the prime factors of r?
17
Let g = -7 - -7. Suppose -3*c - 1 + 13 = g. Suppose 4*r - c*a = a + 49, 2*r - 19 = -3*a. List the prime factors of r.
11
Let m = 38 + -12. Suppose -2*d + m + 4 = 0. List the prime factors of d.
3, 5
Suppose -i = j - 7, -3*j + 4*j = 2*i - 5. Suppose j*f + 2*b = 19, -f - 2*f + 3*b = -39. What are the prime factors of f?
3
Suppose -2*f + 20 = 2*f. Suppose -65 = -0*p - f*p. What are the prime factors of p?
13
Suppose -7*n = -2*n - 170. List the prime factors of n.
2, 17
Let d = 327 - -19. What are the prime factors of d?
2, 173
Let b = -16 + 25. List the prime factors of b.
3
Suppose 4*w - 376 = 20. List the prime factors of w.
3, 11
Let l = -74 - -33. Let i = 69 + l. What are the prime factors of i?
2, 7
Suppose 23 = w + 4*u, -3*w - 4*u = 2*w - 147. List the prime factors 